*w. Let q(t) = 10*t**2 - 6*t - 5. Let s(r) = -6*n(r) + 7*q(r). Is s(-9) composite?
False
Suppose 137582 = 50*k - 48*k + 4*z, 4*z - 206383 = -3*k. Is k a composite number?
True
Suppose 218*o - 246*o + 5724785 = -1494483. Is o a prime number?
False
Let a be (-15)/35 - (-25)/(-7). Let r(y) = 335*y**2 - 4*y + 12. Let j be r(a). Suppose -11*o = -5161 - j. Is o a composite number?
True
Let a(u) = 10*u**3 - 6*u**2 - 3*u + 1. Suppose -17*q + 27*q = 1020. Let x = q - 96. Is a(x) composite?
True
Let j(d) be the second derivative of -d - 7/6*d**3 + 15/2*d**4 - 5*d**2 + 0. Is j(-3) a prime number?
True
Let n = 1916 + 13455. Is n a composite number?
True
Suppose 0 = -53*o + 153485 + 7953. Is o prime?
False
Suppose -10851437 = -14311*f + 14268*f. Is f a composite number?
False
Suppose 0 = -6*v + 52 - 16. Suppose v*r - 700 = -8*r. Let d = r + 9. Is d a prime number?
True
Suppose -6*p + 12 = -0. Suppose -5*u + 26842 = p*x, -2*u + 3*u + 4*x - 5372 = 0. Suppose 12*h - 4*h = u. Is h composite?
True
Let q = 54 + -50. Let d(n) = 201*n - 5. Let k be d(5). Suppose 0 = -q*h - 2*j + k, 4*j - 415 = 4*h - 1427. Is h a prime number?
True
Suppose 3*u - 3*q = -36, q + 0*q - 24 = 2*u. Let t(l) be the first derivative of -4*l**2 - 29*l + 129. Is t(u) a composite number?
False
Let b be (3/15)/(2/20). Suppose h + b*t = 0, h + 2 = t + 8. Suppose -d = w - 1472, 2*d = d - h*w + 1481. Is d prime?
False
Is 3596967/21 - (-168)/(-147) a composite number?
True
Suppose -z = -0*z - 3. Let u(w) = -5 - 27*w + 209*w + 4 + 14*w. Is u(z) a composite number?
False
Let q(j) = 973*j + 74*j + 686 - 686. Let c be q(1). Let n = -226 + c. Is n a composite number?
False
Let d be 1204/154 + 2/11. Is d/(88/12791) - 4/(-22) prime?
True
Suppose 10*h = -5*c + 5*h - 6315, 0 = -4*c + 5*h - 5007. Let o = -489 - c. Is o a composite number?
False
Suppose 5*q = -0*z - 3*z + 12, 11 = 3*q - 2*z. Let k(y) = -y**3 - y**2 - 4*y - 5*y**q + 4 - 8 + 7*y. Is k(-5) prime?
False
Let c = -554 + 566. Suppose c*j = -8*j + 199220. Is j composite?
True
Let y = -437 - -192. Is 1/7 + (-971880)/y prime?
True
Let b = -6489 - -222895. Is b a composite number?
True
Let h = -3741 + 39778. Is h prime?
True
Let z(x) = 22252*x - 3167. Is z(27) prime?
True
Let s = 107 + -102. Suppose 12081 = 5*h + 2*m, -2*m - 8560 = -s*h + 3529. Is h prime?
True
Suppose 33717999 = 1060*s - 1039*s. Is s composite?
False
Let h be 1 + (-4)/((-8)/(-10)). Let x(o) be the second derivative of o**5/20 + o**4/3 - o**3 - o**2/2 + 2*o. Is x(h) composite?
False
Suppose -3*y + 22 = 2*z, 46 - 124 = -5*z + 4*y. Is ((-30)/z - -2) + (-325736)/(-133) composite?
True
Let j(r) = -33*r + 75. Suppose -30 = 9*v + 42. Is j(v) a prime number?
False
Let f be 18 - ((-3)/7 + 150/105). Suppose 0 = -15*c + f*c - 238. Is c a composite number?
True
Suppose 162*h + 177*h + 1879362 = 37833363. Is h composite?
True
Suppose 0 = 5*b - 5*r - 1384590, 2*b - 4*r - 191522 = 362328. Is b a composite number?
True
Let w(d) = d**3 + 9*d**2 + 7*d - 1. Let v be w(-8). Suppose v*h + 3*o = 2*h + 7495, -5*h + 7495 = 2*o. Is h a prime number?
True
Let n = -40 + 42. Suppose -n*p + x + 2 = 0, -p + 0*p - x = 2. Suppose p = 5*a - 940 - 735. Is a composite?
True
Let s(v) = -45*v**3 - 8*v**2 - 17*v + 17. Let w(x) = -11*x**3 - 2*x**2 - 4*x + 4. Let f(p) = 2*s(p) - 9*w(p). Is f(3) prime?
False
Let o = -91 + 93. Suppose -3*z + z + 102 = 2*r, 0 = -2*r + o. Let c = -29 + z. Is c prime?
False
Let v(h) = 5*h**3 + 32*h**2 + 6*h. Let g be v(-6). Is (-167500)/(-24) + (-6)/g a prime number?
False
Let q(u) = u**3 - 11*u**2 - 20*u + 18. Let z be q(12). Is 1346/3*z/(-52) a prime number?
True
Is 26436064/128*(-6 + 10) composite?
True
Is (-5)/(-2)*(7371/45 + -5) composite?
False
Let c(r) = -2*r**2 - 14*r - 22. Let u(n) = -2*n + 5*n**2 + 45 + 31*n - n**2 - n**2. Let w(t) = -7*c(t) - 3*u(t). Is w(10) a composite number?
True
Suppose 292*h - 234*h - 1392638 = 0. Is h composite?
True
Let y be 3 - ((-18)/(-42) + (-38)/7). Suppose -5*s + 3*s = -y, 3810 = 2*p + s. Is p prime?
False
Let g = -12 + 50. Let a = -298 - -291. Is (-4415)/a + (3 - g/14) a composite number?
False
Let y(x) be the second derivative of 31*x**4/6 - 22*x**3/3 - 5*x**2/2 + 4*x - 2. Is y(-4) a prime number?
True
Let x(g) = -5 + 9 + 4*g - 3 - g**3 + 4*g**2 + 9. Let q be x(5). Suppose -q*m = o - 564, 2*m = -2*o - 0*o + 224. Is m prime?
True
Suppose 2*i + 5*n = 107953, -233455 = -4*i - 5*n - 17554. Is i a prime number?
False
Suppose -4*t = -2*g - 12826, 3*g + 11 - 8 = 0. Suppose t = h + 1053. Is h a composite number?
False
Let r(y) = 6*y**3 - 84*y**2 + 76*y - 11. Is r(28) a composite number?
True
Let c be 2 - 5 - (2 - 11666). Suppose 1287 = -19*k + c. Suppose -3*o + 891 = -k. Is o a composite number?
False
Suppose -148*t + 35*t - 862281 = -8385143. Is t a prime number?
False
Let l(x) = -23*x**3 + 14*x**2 - 54*x - 55. Is l(-18) prime?
True
Let j(w) = 39386*w - 2413. Is j(4) a composite number?
True
Let n = -6658 + 4732. Let o = -1091 - n. Is o prime?
False
Let d = -117 + 196. Let z = -70 + d. Is 6/(-3) + 972 + z a composite number?
True
Let d = -4963 - -16684. Is (d/(-12))/(4/(-80) - 0) prime?
False
Suppose 5*r = 4*s + 5545 + 2680, 0 = -4*r + 4*s + 6576. Is r prime?
False
Suppose 15*b - 110688 = -17*b. Let q = 5212 - b. Is q composite?
False
Is -29059*(4/(-8))/(13/26) a prime number?
True
Suppose -36*j - 2953 = 3095. Is (474/(-8))/(j/17696) prime?
False
Suppose 0 = 4*m - s - 680388, -40*s + 39*s = -3*m + 510289. Is m a composite number?
False
Suppose 0 = -2*s - 8, -q + 5*q = -3*s - 7068. Let z = q - -2503. Is z a prime number?
True
Let p be (-10)/(-25) + 4/(-10). Suppose p = -13*d + 15*d - 716. Let m = d - 173. Is m a prime number?
False
Suppose 3*c + 3729 = 10125. Let v = 996 - c. Let d = 1607 + v. Is d prime?
False
Let s be (8/6)/((-2)/(-3)). Suppose 2*g - 2*d = 0, -s*g + 5*d + 2 = 14. Suppose i = 3*j + 21 + 320, g*i = j + 1364. Is i a composite number?
True
Let u(i) = -89*i**2 + 29*i + 1. Let j(d) = -44*d**2 + 14*d + 1. Let b(v) = -5*j(v) + 3*u(v). Let c(h) be the first derivative of b(h). Is c(-9) composite?
False
Let q be 1/((-3)/84*-4). Let l(f) = 7*f**2 + f + 14. Let b be l(q). Is 4 + (-9)/(-3) + b composite?
True
Let y be (-12)/6*(-6)/4. Suppose 5*q - 15 = i, 3*q = -4*i + 7*i - y. Suppose -3*z = -4*j - q*z + 307, -4*j + 3*z + 311 = 0. Is j a composite number?
True
Let i = 8768 - -612049. Is i a prime number?
False
Let v be ((-18)/12 - -2)*-220. Let q = v + 117. Is q a prime number?
True
Let z be (-11 - -10)/(975/486 + -2). Is 34514/3*z/(-108) prime?
True
Is 39/(-14 + 17) + 198720 a composite number?
False
Let l(c) = c**3 - 4*c**2 - 7*c - 15. Suppose -w = 6*w - 35. Suppose -s + 19 = 3*q, -3*s + w*q = -2*s + 13. Is l(s) a prime number?
True
Suppose 5*b - 3121955 = -4*k, 2*b + 28*k - 1248782 = 27*k. Is b composite?
False
Let t = 161 - 129. Let v(a) = -2*a**3 + 68*a**2 - 73*a - 33. Is v(t) a prime number?
False
Suppose 28*n = 6497002 - 1645638. Is n prime?
True
Is ((-53518)/12)/(5/(-90)) a prime number?
False
Let l(t) = -t**2 - 2*t + 1. Let a be l(-2). Suppose 5*p + 31 = -4*u, 20 = 3*u - 3*p + 23. Is (-647)/((-1 - a)/u*-2) a prime number?
True
Let m be ((-36)/(-48))/((-1)/(-12)). Suppose m*j - 6180 - 59547 = 0. Is j a prime number?
False
Let j(w) = 68*w + 149. Let q be j(4). Suppose 4*z - 2*s = -6*s - 284, -2*s = -5*z - 334. Let v = z + q. Is v prime?
True
Is 1476088 - (2/(-4)*-2 - (-148)/(-74)) a prime number?
True
Let r(t) = 40*t**2 - 8*t - 21. Let j be 14 + -14 - (0 - 15). Is r(j) a composite number?
True
Suppose -3*w - 2*k = -5*w - 12, 0 = 5*w + 5*k + 10. Is w/(-3*12/81) prime?
False
Suppose -27*f - 2*y = -23*f - 175024, 5*f + 2*y - 218777 = 0. Is f a composite number?
False
Let k = 66 - 62. Suppose 5*j = k*j + 2. Let x(z) = 583*z**2 - 2*z + 5. Is x(j) a composite number?
False
Suppose -16*h = 2*y - 11*h + 1984, -5*y = h + 4983. Suppose -3*l = p + 4*p - 19182, 7664 = 2*p - l. Let g = y + p. Is g a composite number?
False
Suppose -12*n + 1096190 + 1208043 = -120739. Is n composite?
True
Suppose -3*m - 4*x = 3, 0*x = 2*m - 5*x - 21. Suppose 3 = 3*k - 0, 1001 = z - m*k. Suppose 0*o + 3*o + 5*y = 1487, -3*y = -2*o + z. Is o composite?
False
Suppose 0 = s - 6*s, 5*s = 3*i - 134259. Is i a composite number?
False
Let x(r) = 118*r**2 + 78*r - 207. Is x(-25) a c